-5) + 8/10. Let x be 24/(-18)*6/f. Let w(p) = 4*p**2 - p + 1. List the prime factors of w(x).
19
Let z be -1 + (305 - (-16)/4). Suppose -v - 6*v = -z. Let u = v - 14. List the prime factors of u.
2, 3, 5
Let z = -7 + 48. Suppose -5*h - 173 = -2*v, -15 = h + 2*h. Let n = v - z. List the prime factors of n.
3, 11
Suppose 4*w = -2*a - 0*a - 576, 0 = -5*w + 5. List the prime factors of 6/(-9) + a/(-3).
2, 3
Let c(v) = 203*v**2 - 7*v - 2. What are the prime factors of c(-2)?
2, 103
What are the prime factors of 408 + (-1 - -3) + 88/22?
2, 3, 23
Suppose 20763 = 66*p - 57*p. List the prime factors of p.
3, 769
Suppose -4*i - 47790 = -49*i. What are the prime factors of i?
2, 3, 59
Suppose 0 = -3*p - 5*t - 9, -6*p = -10*p - 2*t + 2. Suppose 4*n + 118 = k, n - 485 = p*k - 7*k. List the prime factors of k.
2, 7
Let x = 1178 - 60. List the prime factors of x.
2, 13, 43
Suppose -4*y + 3*w + 1020 = -y, 2*y - 3*w - 683 = 0. What are the prime factors of y?
337
Suppose x = p + 723, -9 = 4*p - 5. List the prime factors of x.
2, 19
Suppose 4*b - 14 + 2 = 0. Suppose 0 = b*l + 3*v - 180, 0 = -5*l + 2*l - 5*v + 180. List the prime factors of l.
2, 3, 5
Let a = 5 - 1. Suppose a*h - 176 = -0*h. Let b = h - 31. What are the prime factors of b?
13
Let f be (-460)/45 + (-4)/(-18). Let o be (-445)/(-25) - 2/f. What are the prime factors of 14/(-63) + 544/o?
2, 3, 5
Let t = -26 + 16. Let q be (8/t)/((-16)/40). List the prime factors of (-369)/(-36) - q/8.
2, 5
Let j(o) = -228*o + 2. What are the prime factors of j(-2)?
2, 229
Suppose 0 = q - 4. Suppose -5*w - 5*l + 205 = 0, -5*w + 245 = -q*l + l. What are the prime factors of w?
2, 23
What are the prime factors of (1888/(-6))/(24/(-252))?
2, 7, 59
Suppose 890 = f - 6*f. Suppose 595 = -14*u + 9*u. Let l = u - f. What are the prime factors of l?
59
Let y be 48/26 - 2/(-13). Suppose 11 + 23 = y*l. What are the prime factors of l?
17
Let g = 77 + 66. Suppose 4*v - g = 3*r, -r = -v - 0 + 35. What are the prime factors of v?
2, 19
Suppose -82 = -4*h - 3*s + 82, 3*s - 205 = -5*h. What are the prime factors of h?
41
List the prime factors of (75/90)/(5/11460).
2, 5, 191
Let l = -1 - 9. What are the prime factors of (-196)/(-3)*(-15)/l?
2, 7
Let o(z) = z**3 + 17*z**2 + 9*z - 15. List the prime factors of o(-14).
3, 149
Let f be (11 - -24) + (2 - -1). Suppose 3 = 3*v + 4*l + 66, v + 4*l = -13. Let w = v + f. List the prime factors of w.
13
Let r = -91 + 96. Suppose r*y - 57 = 448. What are the prime factors of y?
101
Suppose -5*z + 472 + 989 = -w, 590 = 2*z + w. What are the prime factors of z?
293
Suppose u + 3 + 4 = -2*o, 3*u - 24 = 3*o. List the prime factors of 3 - 2 - 124/(1 + o).
2
Suppose 2*s + x = -3*s + 1406, -s - x = -278. What are the prime factors of s?
2, 3, 47
Let d(u) be the first derivative of u**3/3 + u**2/2 + 31*u - 5. Let k be d(0). Suppose k = 2*x - 53. What are the prime factors of x?
2, 3, 7
Let w(o) = -o**3 + 8*o**2 - 12*o + 20. Let m be w(8). Let b(a) = a**2. Let f be b(1). What are the prime factors of (m/12)/(f/(-3))?
19
List the prime factors of (2 - 1035/(-10)) + 2/(-4).
3, 5, 7
Let b(l) = -l + 4. Let u be b(0). Let y be ((-2)/(-6))/(u/24). Suppose -o + s + 62 = 0, -2*o - y*s = -146 + 30. What are the prime factors of o?
2, 3, 5
Suppose -54*a = -72*a + 14112. What are the prime factors of a?
2, 7
Suppose 13*m - 39621 = -11879. What are the prime factors of m?
2, 11, 97
Suppose 3*i - 12 = -0. Suppose 0 = 2*g + 3*h - 18, 32 = i*g + 4*h + h. Suppose g*w - 16 = -w. What are the prime factors of w?
2
Let i(s) be the first derivative of -s**5/40 + 3*s**4/8 - 7*s**3/3 + 6. Let g(q) be the third derivative of i(q). What are the prime factors of g(-11)?
2, 3, 7
Suppose 2*z = 2*l - 936, -3*l + 1408 = 2*z - z. What are the prime factors of l?
7, 67
Suppose -3*p - 250 = -s, -2*s - 5*p + 277 = -179. Suppose -3*o = 5*c - 242, 0 = -c + 6*c + 2*o - s. List the prime factors of c.
2, 23
Let b = -1 - -1. Let r be ((-36)/48)/((-5)/160). Suppose b*f + f = r. List the prime factors of f.
2, 3
Let c(x) be the second derivative of 2*x**3 - 17*x**2/2 + 3*x. What are the prime factors of c(7)?
67
Let l(g) = -181*g**2 + 182*g**2 + 3*g + 0*g + 2*g - 26. What are the prime factors of l(-11)?
2, 5
Let c(b) = -b**3 + 35*b**2 - 55*b - 50. What are the prime factors of c(13)?
2953
Suppose -67*o + 91*o = 8376. List the prime factors of o.
349
Let u(l) = 544*l**2 - 30*l + 46. List the prime factors of u(2).
2, 23, 47
Suppose 0 = 27*g + 365 - 14405. What are the prime factors of g?
2, 5, 13
Let f(y) = 116*y**2 - 10*y + 46. What are the prime factors of f(4)?
2, 7, 19
Suppose 11*b = 16731 + 4708. What are the prime factors of b?
1949
Suppose 0 = n - n - 5*n. Suppose n = 5*z + 6*w - 3*w - 70, -3*w - 83 = -4*z. What are the prime factors of z?
17
Suppose -6*x = 6*x - 17952. List the prime factors of x.
2, 11, 17
Let d(v) = 167*v**3 - 2*v**2 + 5*v - 2. Let w(t) = -2*t**2 - 19*t - 8. Let i be w(-9). List the prime factors of d(i).
2, 3, 7
Let w(x) = -x + 14. Let b be w(8). Let z(t) = 3*t**2 - 2*t - 11. List the prime factors of z(b).
5, 17
Let p(u) = u**2 - 9*u + 11. Let x be p(7). Let l(s) = 7*s**2 + 3*s - 3. What are the prime factors of l(x)?
3, 17
Suppose -10*x + 53174 = 12*x. What are the prime factors of x?
2417
Let i be (-272)/(-44) - 4/22. Let h(g) = -2*g**2 + 11*g**2 + 0 + 5 - 2 - i*g. List the prime factors of h(2).
3
Let u(a) = -a**3 + 39*a + 3129. What are the prime factors of u(0)?
3, 7, 149
Let w(t) = -51*t + 155*t + 29 - 51*t - 50*t. What are the prime factors of w(7)?
2, 5
Let x be (3243/15 - 0) + 15/(-75). List the prime factors of ((-18)/x - 1/4)*-753.
251
What are the prime factors of ((-12)/20)/((-12)/57180)?
3, 953
What are the prime factors of (-21 - -20)/(-2*3/978)?
163
Let h = 1258 + -661. List the prime factors of h.
3, 199
Suppose 2*i + 0*i - 8 = 0. Let x(k) = -k**2 + i*k**2 + 63*k - 67*k. What are the prime factors of x(4)?
2
Suppose 0 = 5*d + q - 2*q - 2432, 0 = -d - 4*q + 478. What are the prime factors of d?
2, 3
Let v(d) = -d**2 + 4*d + 10. Let h be v(-17). Let y = -207 - h. What are the prime factors of y?
2, 5, 7
Let f = 25 - 25. Let m(p) = -p**3 - p**2 - p + 63. Let s be m(f). Let z = -23 + s. List the prime factors of z.
2, 5
Suppose 4*z = 5*f - 30, 0*f - 2*f + 5*z = -29. Let v = f - -10. List the prime factors of (-471)/(-21) - v/28.
2, 11
Suppose 16*o = 6*o + 100. What are the prime factors of -9*(o/(-2))/5?
3
Let x be 3*(6 - 3)/9. Let d(o) = -o**3 + 2*o**2 - o + 1. Let q be d(x). Suppose b - 5 = -q. List the prime factors of b.
2
Let h = 1748 + -1023. List the prime factors of h.
5, 29
Let t = -4996 + 7873. What are the prime factors of t?
3, 7, 137
Suppose 4*s = 5*q + 379, -3*q + 6*q = -5*s + 520. List the prime factors of s - (2*-5)/5.
103
Let z(b) = -b**3 - 6*b**2 + b - 11. Suppose 6*g - 11*g = 35. What are the prime factors of z(g)?
31
Let n(d) = -d**3 - 11*d**2 + 10*d - 16. List the prime factors of n(-13).
2, 3
Let a be 1719/18 + 6/(-4). Let c = 52 - 6. Let k = a - c. What are the prime factors of k?
2, 3
Let p(z) = 8*z + 7. Let y be p(6). Suppose -262*t + 312 = -275*t. Let m = t + y. List the prime factors of m.
31
Suppose 2*z - 4*w = z + 1376, 4*w = 5*z - 6832. What are the prime factors of z?
2, 11, 31
Let x be 7/(-14)*73/2*4. Let b = 127 + x. List the prime factors of b.
2, 3
Let z(c) be the second derivative of c**3/6 - c**2 + c. Let s be z(6). Suppose 0 = -7*y + s*y + 147. What are the prime factors of y?
7
Let d(a) = 69*a + 2. Let o be d(2). Suppose -8*y + 13*y - o = 0. What are the prime factors of y?
2, 7
List the prime factors of (1916/10)/((-8)/(-80) + 0).
2, 479
Let d(a) = a**2 - 8*a - 9. Let u(h) = -2*h**2 + 15*h + 19. Let g(t) = 11*d(t) + 6*u(t). Suppose -5*p = -2*p. List the prime factors of g(p).
3, 5
Let l(u) = -7*u**3 - 5*u**2 + 2*u - 1. List the prime factors of l(-4).
359
Let g(r) = -r**3 - 13*r**2 + 5. Let x be g(-13). Suppose l - 6 = x*s - 96, 0 = -2*s - 5*l + 36. Let o = -13 + s. What are the prime factors of o?
5
Suppose -4*i - 9 = -5. Let x be (1 - 2)/i*-40. Let o = x + 69. List the prime factors of o.
29
Suppose 6*h = 2*h. Suppose h = -6*q + 5*q + 226. What are the prime factors of q?
2, 113
Suppose 5*g + 602 = c, -2*g = -2*c + 2*g + 1216. Suppose 5*p + 87 = c. What a